 k(2)?
343
Let d(u) = u**3 + 12*u**2 + 9*u - 127. Calculate d(-10).
-17
Let j(o) = 5*o**2 + 106*o - 789. Determine j(-27).
-6
Let d(g) = -15*g - 124. Determine d(-27).
281
Let p(c) = -c**3 + 65*c**2 - 62*c - 82. Calculate p(64).
46
Let z(w) = 2*w**2 - 499*w + 23272. What is z(62)?
22
Let u(r) = 12*r + 545. What is u(-49)?
-43
Let k(x) = x**3 - 15*x**2 - 19*x - 28. Determine k(16).
-76
Let r(p) = -73*p**3 - 216*p**2 + 218*p - 1. Calculate r(1).
-72
Let u(v) = -3*v**3 + 4*v**2 - 7*v - 30. What is u(-3)?
108
Let k(r) = 24*r**2 + 57*r + 9. What is k(-2)?
-9
Let a(w) = -23*w**2 - 4*w + 3. What is a(1)?
-24
Let u(p) = -5*p + 31. What is u(-9)?
76
Let g(a) = -a**3 - 29*a**2 - 31*a - 11. Give g(-28).
73
Let b(o) = o**3 + 3*o**2 + 74*o - 11. Determine b(0).
-11
Let s(o) = -o**3 + 71*o**2 - 922*o - 9. Give s(17).
-77
Let n(y) = 10*y**2 + 9*y - 58. What is n(4)?
138
Let y(m) = m**2 - 5*m + 1. Calculate y(6).
7
Let w(t) = 7*t**2 - 548*t + 663. Calculate w(77).
-30
Let b(f) = -f**3 - 13*f**2 - 114*f - 1106. Give b(-11).
-94
Let z(m) = 16*m**3 - 59*m**2 + 2*m - 13. Determine z(4).
75
Let d(v) = -v**3 - 92*v**2 + 91*v - 205. Calculate d(-93).
-19
Let m(k) = k**3 - 1648*k**2 + 8219*k - 17. Determine m(5).
3
Let y(q) = -3*q**2 - 50*q - 98. Give y(-2).
-10
Let q(w) = -w**3 - 36*w**2 + 91*w + 563. What is q(-38)?
-7
Let f(u) = u**3 - 7*u**2 + 23*u - 12. Calculate f(4).
32
Let y(b) = -b**2 + 161*b + 3862. What is y(-21)?
40
Let w(z) = -55*z + 3345. Calculate w(60).
45
Let d(n) = -8*n**2 - 3318*n + 21053. Determine d(-421).
3
Let n(g) = g**3 + 26*g**2 - 272*g + 27. What is n(8)?
27
Let n(q) = -3*q**2 - 202*q + 89. What is n(-68)?
-47
Let m(c) = -29*c - 1220. Determine m(-30).
-350
Let i(z) = -z**3 + 40*z**2 + 131*z - 27. Give i(43).
59
Let i(r) = r**3 - 1525*r - 4553. Give i(-3).
-5
Let q(c) = -2*c**3 + 6*c**2 + 71*c + 66. Give q(-1).
3
Let i(s) = -46*s - 196. What is i(-10)?
264
Let s(t) = -t**2 - 79*t - 1531. What is s(-45)?
-1
Let m(h) = h**3 - 25*h**2 - 7*h + 201. Determine m(25).
26
Let w(k) = -4*k**2 - 1164*k - 3471. Determine w(-3).
-15
Let x(v) = -v**3 - 159*v**2 - 918*v + 2. Give x(-153).
2
Let b(q) = -13*q**2 - 530*q + 117. Determine b(-41).
-6
Let s(b) = b**2 + 2739*b + 24570. What is s(-9)?
0
Let t(p) = -323*p - 1679. Determine t(-5).
-64
Let w(u) = -28*u**2 - 82*u - 370. What is w(-5)?
-660
Let j(n) = 3*n**2 + 141*n - 63. Give j(-48).
81
Let u(a) = a**3 - 5*a**2 + 17*a - 28. Calculate u(5).
57
Let c(x) = 3028*x + 21192. Determine c(-7).
-4
Let c(r) = -161*r + 13. What is c(-1)?
174
Let d(p) = -p**2 - 18*p + 167. Determine d(-25).
-8
Let f(q) = 3936*q + 43310. What is f(-11)?
14
Let o(b) = -484*b**2 + 265*b + 266. Give o(-1).
-483
Let p(t) = -t**3 - 11*t**2 + 61*t + 14. What is p(-15)?
-1
Let c(w) = -13*w**3 - 2*w**2 - 66*w - 136. Calculate c(-2).
92
Let u(f) = 5*f**3 + 15*f**2 - 8*f - 9. Determine u(-1).
9
Let v(l) = 2453*l - 22069. Determine v(9).
8
Let i(m) = -m**2 - 30*m + 11638. Give i(94).
-18
Let u(r) = -r**3 + 19*r**2 + 20*r - 9. Calculate u(20).
-9
Let d(z) = -2*z**3 + 134*z**2 - 3*z + 140. Determine d(67).
-61
Let j(o) = o**3 - 15*o**2 + 28*o + 167. Determine j(11).
-9
Let s(b) = b**3 + 42*b**2 - 10*b - 195. What is s(-42)?
225
Let i(a) = -14*a**2 + 344*a - 204. Give i(24).
-12
Let s(z) = -26*z - 1. Give s(6).
-157
Let n(m) = 85*m - 3872. Determine n(45).
-47
Let y(f) = 180*f - 218. What is y(4)?
502
Let h(n) = n**2 + 6*n + 13. What is h(-2)?
5
Let i(v) = v**2 - 109*v - 4326. Give i(140).
14
Let s(p) = p**3 - 30*p**2 + 3*p + 159. Give s(30).
249
Let o(y) = -y**3 + 10*y**2 + 47*y - 57. Determine o(13).
47
Let r(o) = -381*o - 1999. Give r(-6).
287
Let a(n) = -n**3 - 29*n**2 - 201*n + 46. Give a(-17).
-5
Let o(u) = 3*u**2 + 5*u - 475. Determine o(0).
-475
Let l(q) = -6*q + 414. Determine l(-40).
654
Let u(w) = 2*w**2 + 51*w - 351. Determine u(-32).
65
Let c(n) = -6*n**2 + 267*n - 142. Determine c(44).
-10
Let g(y) = -3*y - 74. Calculate g(17).
-125
Let y(r) = 12*r**3 - 60*r**2 - 8*r + 48. Give y(5).
8
Let a(q) = -q**2 - 1248*q + 12576. Determine a(10).
-4
Let f(c) = 3*c**3 - 9*c**2 + 14*c - 18. Give f(4).
86
Let a(j) = 116*j**2 + 22*j + 21. Determine a(-1).
115
Let r(w) = -10*w**3 + 2*w**2 + 234*w - 233. Give r(1).
-7
Let r(u) = -395*u + 4424. Determine r(11).
79
Let s(g) = -g**3 - 3*g**2 - 14*g + 43. Give s(5).
-227
Let p(l) = l**3 - 22*l**2 - 555*l + 12. What is p(-15)?
12
Let h(c) = -6*c**2 - 63*c + 300. What is h(-14)?
6
Let h(x) = -x**3 - 36*x**2 + 72*x + 1304. Determine h(-37).
9
Let h(x) = -2*x**3 + 5*x**2 - 26*x + 129. Determine h(4).
-23
Let j(n) = n**2 + 305*n - 2799. Determine j(9).
27
Let t(i) = -i**3 - 5*i**2 + 29*i + 3. Give t(5).
-102
Let d(m) = 2*m**2 + 29*m + 159. Calculate d(-6).
57
Let w(i) = -89*i + 60. Give w(2).
-118
Let y(t) = t**2 - 41*t - 224. What is y(44)?
-92
Let i(h) = -474*h + 1951. Calculate i(4).
55
Let m(d) = -7*d - 1. What is m(-19)?
132
Let z(j) = -j**3 - 53*j**2 + 423*j + 192. Determine z(-60).
12
Let i(j) = -809*j + 1609. What is i(2)?
-9
Let b(a) = 4*a**3 - 50*a**2 - 83*a - 10. Determine b(14).
4
Let v(p) = 17*p**2 + 263*p + 109. What is v(-15)?
-11
Let n(s) = -4*s**3 - 36*s**2 - 14*s - 19. Determine n(-10).
521
Let k(p) = 3*p + 298. Determine k(-85).
43
Let c(l) = -114*l + 114. Give c(1).
0
Let y(l) = 2*l**2 + 71*l + 107. What is y(-34)?
5
Let a(b) = -b**3 - 69*b**2 - 74*b - 414. What is a(-68)?
-6
Let o(x) = -x**3 + 17*x**2 - 12*x + 29. What is o(16)?
93
Let l(z) = 3*z**3 - 2*z**2 - 10*z + 5. Determine l(2).
1
Let a(m) = m**3 + 3*m**2 - 9*m - 144. What is a(0)?
-144
Let t(x) = -x**2 - 36*x - 78. Give t(-33).
21
Let f(n) = 838*n - 15927. Determine f(19).
-5
Let x(k) = 2445*k + 2416. Give x(-1).
-29
Let u(c) = -10*c**2 - 319*c + 206. Determine u(-33).
-157
Let l(b) = 102*b + 86. What is l(-1)?
-16
Let v(t) = 95*t - 4310. Determine v(45).
-35
Let t(m) = -58*m**2 + 3070*m + 154. Determine t(53).
-58
Let n(x) = x**2 - 479*x + 15945. Give n(36).
-3
Let c(l) = -51*l + 442. Calculate c(5).
187
Let n(j) = 135*j - 212. Calculate n(2).
58
Let a(b) = 2*b**2 + 77*b - 696. Determine a(-46).
-6
Let a(m) = -m**3 - 35*m**2 - 141*m - 9. Give a(-4).
59
Let l(c) = 4*c**2 + 14*c + 27. Give l(-2).
15
Let n(x) = -x + 68. Calculate n(31).
37
Let l(t) = 47*t + 220. Determine l(-5).
-15
Let j(v) = 27*v + 59. Determine j(-16).
-373
Let o(a) = 1253*a + 424773. Give o(-339).
6
Let h(j) = 382*j - 380. What is h(1)?
2
Let o(x) = x**2 + 4131*x + 131171. Calculate o(-32).
3
Let x(a) = 16*a**2 - 161*a - 38. What is x(10)?
-48
Let x(c) = 11433*c + 45739. Calculate x(-4).
7
Let o(c) = -21*c**2 + 287*c + 90. What is o(14)?
-8
Let c(l) = -l**3 - 48*l**2 - 464*l + 1535. Give c(-32).
-1
Let g(n) = -n**2 + 1795*n + 19862. Calculate g(-11).
-4
Let h(a) = a**3 + a**2 - 4*a + 4. Determine h(4).
68
Let i(c) = c**3 - 38*c**2 + 159*c + 211. What is i(33)?
13
Let v(t) = 250*t - 561. Calculate v(2).
-61
Let w(a) = a**3 + 31*a**2 + 8*a - 658. Give w(-30).
2
Let m(r) = -2*r**3 + 14*r**2 - 427*r + 2494. What is m(6)?
4
Let g(m) = 2*m**2 - 64*m + 509. Calculate g(10).
69
Let o(n) = 1158*n - 10420. Give o(9).
2
Let r(a) = a**2 + 2*a - 31. Determine r(0).
-31
Let c(b) = -100*b**2 + 170*b + 55. Calculate c(2).
-5
Let i(y) = -10997*y - 164950. Give i(-15).
5
Let u(q) = -40*q + 3291. Determine u(83).
-29
Let l(v) = -v**3 - 25*v**2 + 116*v + 7. Determine l(-29).
7
Let q(n) = n**3 + 45*n**2 - 25*n + 968. Determine q(-46).
2
Let y(j) = 18*j**3 + 220*j**2 + 47*j - 11. Give y(-12).
1
Let z(o) = 16*o**2 + 352*o. Determine z(-22).
0
Let n(m) = -m**3 - 20*m - 143. What is n(-5)?
82
Let a(x) = x**2 + 64*x - 1755. What is a(21)?
30
Let o(t) = -14*t + 171. Determine o(-6).
255
Let y(a) = a**3 + 24*a**2 + 101*a + 1775. What is y(-23)?
-19
Let b(s) = 4*s**2 + 2*s - 11. What is b(3)?
31
Let d(y) = -2*y**3 - 46*y**2 - 2*y - 123. Calculate d(-23).
-77
Let u(x) = -x - 2. Determine u(44).
-46
Let w(p) = -8946*p - 17900. What is w(-2)?
-8
Let u(f) = -175*f - 846. Calculate u(-3).
-321
Let q(b) = -b**3 - 31*b**2 - 178*b + 127. Determine q(-23).
-11
Let q(v) = -v**2 + 47*v - 254. Determine q(33).
208
Let m(y) = -2*y**3 + 17*y**2 - 26*y + 161. Give m(8).
17
Let g(u) = -u**2 + 36*u - 26. Calculate g(37).
-63
Let j(u) = 34*u - 124. Determine j(4).
12
Let v(w) = w**3 + 299*w**2 + 26